. Is y a composite number?
False
Suppose -11153 = 65*p - 1166138. Is p prime?
False
Is (1549258/16)/((-58)/(-464)) prime?
True
Let x = -51758 + 84199. Is x a prime number?
True
Let f = -444 + 434. Let u(q) = -919*q - 9. Is u(f) composite?
False
Is (-257088 - -6)*45/(-270) a prime number?
False
Let w = -2600 - -1132. Let y = w - -3291. Is y a composite number?
False
Let d be (143/(-2))/(3 - (-22)/(-8)). Let y = -62 - d. Suppose 114 = t + c, 0*c = -2*t - 3*c + y. Is t composite?
True
Let s = -9873 + 56482. Is s a prime number?
False
Let o(h) = 1756*h**2 - 31*h + 8. Is o(5) prime?
True
Let t be 2/(-5) - 14/(-10). Let x(a) = 2921*a - 7. Let m(v) = -1461*v + 4. Let q(y) = 5*m(y) + 3*x(y). Is q(t) composite?
True
Let f(x) = 9*x - 4. Let g be f(1). Suppose 5*d - 20532 = 5*w + 12523, -g*d + 33061 = -2*w. Is d a composite number?
True
Is ((8/24)/(-1 - 0))/(5/(-72915)) a prime number?
True
Suppose 0 = -10*b - 52*b + 1232643 + 2194531. Is b a prime number?
False
Let y(r) = 3053*r - 1908. Is y(23) a prime number?
True
Let u(l) = -l**3 - 4*l**2 + 11*l + 6. Let h be u(-6). Suppose -15*v + 14889 = -h*v. Is v prime?
False
Let d = 57 + -45. Suppose 5*k - 2*k - d = -5*z, -5*z + 3*k = 12. Suppose z*l - b - 22026 = -4*l, -11016 = -2*l - b. Is l a prime number?
True
Suppose 7*n + 30*n - 13364807 = -0*n. Is n a prime number?
True
Suppose -3*y - u + 100072 = 0, -5*u - 50858 + 184269 = 4*y. Is y prime?
True
Let m(q) = -q - 450*q**3 - 1 + 223*q**3 + 228*q**3. Let y(o) = -4*o**3 - 14*o**2 - 16*o + 16. Let k(p) = -5*m(p) - y(p). Is k(15) a composite number?
False
Suppose 2*t - 159138 = 113*j - 115*j, 4*t - 318274 = -5*j. Is t a prime number?
False
Let u(a) = 199*a**3 - 8*a**2 - 30*a + 43. Is u(12) a composite number?
True
Suppose -46*x - 12 = -50*x. Suppose -5*g + 6 = -3*g - 2*u, 4*g + x*u = -2. Suppose 0 = -2*b - 3*l + 385, l - g = 2*l. Is b a prime number?
False
Suppose -x - w = -24321, -66 + 68 = -w. Is x a composite number?
True
Let g(z) = -23*z**3 - 19*z**2 - 6*z + 25. Suppose -8*l + 33*l = -350. Is g(l) a prime number?
True
Let y = -280 + 305. Suppose 0*k = -y*k + 17275. Is k composite?
False
Let i = 1337473 + -188264. Is i a prime number?
True
Is (-2175536)/(-110) + (-1)/((-10)/(-6)) prime?
True
Suppose 2*c = -3*v + 33845, -2*v + 23315 = -c + 754. Is v a composite number?
True
Suppose 2*d - 443 = 5*z + 55, 0 = -4*d + 16. Let o = -91 - z. Suppose 5*t + o*t = 21084. Is t prime?
False
Let a(u) = 25*u**3 + 15*u**2 - 13*u - 5. Let f be a(9). Suppose -53775 = -19*n + f. Is n a prime number?
True
Let t be (198/(-15))/(12/40). Let s = -34 - t. Suppose s*w - 13*w = -3777. Is w a prime number?
True
Suppose 31*f = -37 - 242. Is f - (1715*18)/(-9) a prime number?
False
Let s(o) = 988*o**2 + 27*o - 412. Is s(-21) a prime number?
False
Suppose -24*z - 19*z = -3085723. Is z prime?
True
Let y = 3459 + 23594. Is y a composite number?
True
Let r be (-8)/16*-3*2. Suppose r*c + c - 14183 = 3*x, -c + x + 3546 = 0. Is c a prime number?
False
Let a = -76 - -76. Suppose -719 = -2*t + t - 2*v, t - v - 704 = a. Is t a prime number?
True
Suppose -5*u - 15 = -5, -c = -3*u - 1046. Let l = 5457 - c. Is l a prime number?
False
Let g be (-367034)/(-46) - 4/(-1 - 1). Suppose 4*n - 7990 = -2*c, c - 3*c + g = n. Is c a prime number?
True
Suppose -38*h = 3*h - 4756. Suppose -1 = -m, 0*m = o + 5*m - h. Is o composite?
True
Suppose -6*k + 433915 = -k - 4*j, 0 = -25*j + 30*j. Is k composite?
False
Let f(b) = -73*b**3 + 5*b**2 - 12*b + 7. Let k be f(4). Let v = -2732 - k. Is v a prime number?
True
Let t(q) = 26*q**3 - 6*q**2 + 23*q + 21. Let o(b) = -26*b**3 + 6*b**2 - 23*b - 21. Let g(c) = -5*o(c) - 6*t(c). Is g(-8) composite?
False
Let x(k) = -22*k + 2*k**3 - 21*k**2 + 24 - 13*k**2 + 24 + 11*k**2. Is x(19) composite?
True
Let c be 2/(-5) + (-47)/(-5). Let f(a) = -c*a - a - 162 - 3*a**3 + 2*a**3 - 9*a**2 + 167. Is f(-8) composite?
True
Let g(j) = 89*j**3 + j - 2*j**2 + 7*j**2 - 5*j - 1 + 177*j**3. Is g(4) a prime number?
False
Let y = 49 - 79. Let z(d) = -d**3 + d**2 - d + 1. Let x be z(2). Is x/(y/(-4))*-993 composite?
True
Let y = -6 + 4. Is (1/(y - -3))/(9/6057) a composite number?
False
Let q(l) = 696*l + 16. Let b be q(12). Suppose 3*v = 5*c + 2050 - b, v - 3*c = -2110. Let j = 3356 + v. Is j a composite number?
True
Let i(t) = -3245*t + 6. Let l be (3 - (-35)/(-10))*6/3. Is i(l) a prime number?
True
Suppose 0 = -3*j, 3*j + 3 - 103 = 2*f. Is (58780/f)/(2 + 12/(-5)) prime?
True
Let v(w) = w**3 - 19*w**2 + 10*w - 53. Let t(d) = d + 24. Let j be t(-3). Is v(j) prime?
True
Let a(k) = k**3 - 7*k**2 - 8*k. Let j be a(8). Suppose -8*g + 10*g - 442 = j. Let y = g - -116. Is y a composite number?
False
Let z = 187 - 108. Let m = 78 - z. Is m/5 + 4372/10 composite?
True
Let i = -563910 + 1037557. Is i prime?
True
Suppose -82 - 140 = -3*n. Suppose t - n = 700. Suppose j = 5*m + t, 0*j - 5*m = 4*j - 3121. Is j prime?
False
Suppose 31*b = 9*b + 5513200. Is 10/6 - (-13)/(156/b) a composite number?
True
Let r = -3880 + 10537. Suppose -4*y + 6295 = 3*a - r, 4*y - 5*a = 12920. Is y a composite number?
True
Let y = 4663 + 7050. Suppose -36*x + 49*x = y. Is x prime?
False
Is 1/((-1727892)/1727919 + 3/3) a prime number?
True
Suppose -67*b + 1513264 = -11*b - 40*b. Is b composite?
True
Let q(c) = 1398*c**2 + 50*c + 19. Is q(8) a composite number?
False
Let k = 35 - 33. Suppose -3*c - k = -5*q + 1, 0 = -q + 3. Suppose -u - c*u = -5755. Is u prime?
True
Is 221394 + (-3 - 0)/(135/(-25) - -6) composite?
True
Is -157827*(-10 - 464/(-48)) a composite number?
False
Let w = 4557 - 3200. Is w a prime number?
False
Suppose 5*k = -i + 20, 2*i = 2*k + 7 - 3. Let m be k/4 - ((-50)/8 - -2). Let v(q) = 4*q**2 + 4*q + 9. Is v(m) composite?
True
Is 1563854 - 1 - 15*(64/20)/(-8) a prime number?
False
Let n(v) = 9*v**2 + 118*v + 854. Is n(-75) composite?
True
Suppose 2*k - 3236 = 3*g + 50, -4*g = k - 1632. Let d = k - -333. Is d prime?
True
Let a(s) = s**2 - 31*s + 184. Let v be a(23). Suppose 13*t - 15302 - 12375 = v. Is t a composite number?
False
Suppose -74*i + 3*p = -77*i + 111999, 4*i - 5*p - 149368 = 0. Is i composite?
False
Let q be ((-36)/6 + 7)/(2/4). Let a be 1 - q/8 - 5012/112. Let l = a + 438. Is l prime?
False
Let k be (-1)/(30/44 - (-16)/(-88)). Is 1*(-4)/((-16)/(-22858))*k composite?
True
Suppose -31*z + 61811 = 12707. Suppose -4*u - 23 + 8 = 3*b, b + 5 = 3*u. Suppose u = -w - 4*g + 381, 4*w = -g + z. Is w prime?
True
Let p = 1080081 + -742284. Suppose -137*i + 146*i = p. Is i composite?
True
Is (-1751526)/12*(-4 - (-10)/3) a composite number?
True
Suppose 0 = -56*m + 19524777 - 9449740 + 48505835. Is m a prime number?
False
Let f = 113 + -109. Suppose 8 = 4*t + 2*v, -3*t + 7 - 3 = v. Suppose t = -2*l + p + 1044, 4*l = -0*l - f*p + 2076. Is l a prime number?
True
Suppose -2*r + 54 = 3*c, -3*r + 7*r - 88 = -c. Suppose -r*a + 44433 = -12*a. Is a a prime number?
True
Let l = 172705 - 120054. Is l a prime number?
False
Suppose -3*u = -0*u - 5*w + 10, -5*u + 15 = -2*w. Let s(g) = 8*g**2 - 13*g - 1208. Let c be s(-28). Suppose -c = u*y - 9*y. Is y prime?
False
Let b be (-4)/6 + (33416/12 - 3). Let y = b + -691. Suppose -5*o = -y - 3405. Is o a composite number?
True
Suppose 0 = -2*x + t + 244137, 0 = 97*x - 102*x + 4*t + 610341. Is x a composite number?
False
Suppose 133337463 = 281*a + 31*a - 23622561. Is a prime?
True
Suppose 2*w = 2*u - 2, 5*w = -u + 2*u + 7. Suppose -4*l - 13 - u = 0. Is -3 - (l/(-4) - 883) a composite number?
True
Is 31 + -32 + (104283 - 1/1) a prime number?
True
Let b be 27/81 + -1 + 9934/6. Suppose b = -27*g + 28*g. Is g a composite number?
True
Let u(o) = -6*o**2 + 3*o + 10. Let y(z) = z**2 - 1. Let k(w) = u(w) + 5*y(w). Let n be k(-2). Let i = 636 - n. Is i a prime number?
True
Suppose 5*o - 3*y - 154564 = 0, -5*o - 2*y - 92739 = -8*o. Suppose -5*z + o = 11076. Is z a composite number?
False
Suppose 504*d = 484*d + 149420. Is d a composite number?
True
Let j(b) = -3*b**2 - 499. Let q(o) be the third derivative of o**5/6 + 749*o**3/3 - 10*o**2. Let c(s) = -7*j(s) - 2*q(s). Is c(0) prime?
False
Is ((-2)/(22/(-3201)))/((-15)/(-21445)) prime?
False
Suppose 3*i = 108*w - 111*w + 1596699, -5*i - 2*w + 2661189 = 0. Is i composite?
False
Let z be (-237)/12 + (-4)/16. Let a(m) = -2*m - 22. Let b be a(z). 